{"id":953,"date":"2024-04-24T13:38:32","date_gmt":"2024-04-24T13:38:32","guid":{"rendered":"https:\/\/digital-social-entrepreneurs.eu\/?page_id=953"},"modified":"2024-04-24T13:39:26","modified_gmt":"2024-04-24T13:39:26","slug":"digitaliseerimise-ajalooline-areng","status":"publish","type":"page","link":"https:\/\/digital-social-entrepreneurs.eu\/index.php\/et\/digitaliseerimise-ajalooline-areng\/","title":{"rendered":"Digitaliseerimise ajalooline areng"},"content":{"rendered":"\t\t<div data-elementor-type=\"wp-page\" data-elementor-id=\"953\" class=\"elementor elementor-953\" data-elementor-settings=\"{&quot;ha_cmc_init_switcher&quot;:&quot;no&quot;}\">\n\t\t\t\t\t\t<section class=\"elementor-section elementor-top-section elementor-element elementor-element-6993099 elementor-section-boxed elementor-section-height-default elementor-section-height-default\" data-id=\"6993099\" data-element_type=\"section\" data-e-type=\"section\" data-settings=\"{&quot;background_background&quot;:&quot;classic&quot;,&quot;shape_divider_bottom&quot;:&quot;mountains&quot;,&quot;_ha_eqh_enable&quot;:false}\">\n\t\t\t\t\t\t\t<div class=\"elementor-background-overlay\"><\/div>\n\t\t\t\t\t\t<div class=\"elementor-shape elementor-shape-bottom\" aria-hidden=\"true\" data-negative=\"false\">\n\t\t\t<svg xmlns=\"http:\/\/www.w3.org\/2000\/svg\" viewBox=\"0 0 1000 100\" preserveAspectRatio=\"none\">\n\t<path class=\"elementor-shape-fill\" opacity=\"0.33\" d=\"M473,67.3c-203.9,88.3-263.1-34-320.3,0C66,119.1,0,59.7,0,59.7V0h1000v59.7 c0,0-62.1,26.1-94.9,29.3c-32.8,3.3-62.8-12.3-75.8-22.1C806,49.6,745.3,8.7,694.9,4.7S492.4,59,473,67.3z\"\/>\n\t<path class=\"elementor-shape-fill\" opacity=\"0.66\" d=\"M734,67.3c-45.5,0-77.2-23.2-129.1-39.1c-28.6-8.7-150.3-10.1-254,39.1 s-91.7-34.4-149.2,0C115.7,118.3,0,39.8,0,39.8V0h1000v36.5c0,0-28.2-18.5-92.1-18.5C810.2,18.1,775.7,67.3,734,67.3z\"\/>\n\t<path class=\"elementor-shape-fill\" d=\"M766.1,28.9c-200-57.5-266,65.5-395.1,19.5C242,1.8,242,5.4,184.8,20.6C128,35.8,132.3,44.9,89.9,52.5C28.6,63.7,0,0,0,0 h1000c0,0-9.9,40.9-83.6,48.1S829.6,47,766.1,28.9z\"\/>\n<\/svg>\t\t<\/div>\n\t\t\t\t\t<div class=\"elementor-container elementor-column-gap-default\">\n\t\t\t\t\t<div class=\"elementor-column elementor-col-100 elementor-top-column elementor-element elementor-element-8848635\" data-id=\"8848635\" data-element_type=\"column\" data-e-type=\"column\">\n\t\t\t<div class=\"elementor-widget-wrap elementor-element-populated\">\n\t\t\t\t\t\t<div class=\"elementor-element elementor-element-df79a87 elementor-widget elementor-widget-spacer\" data-id=\"df79a87\" data-element_type=\"widget\" data-e-type=\"widget\" data-widget_type=\"spacer.default\">\n\t\t\t\t<div class=\"elementor-widget-container\">\n\t\t\t\t\t\t\t<div class=\"elementor-spacer\">\n\t\t\t<div class=\"elementor-spacer-inner\"><\/div>\n\t\t<\/div>\n\t\t\t\t\t\t<\/div>\n\t\t\t\t<\/div>\n\t\t\t\t<div class=\"elementor-element elementor-element-74bd844 elementor-widget elementor-widget-heading\" data-id=\"74bd844\" data-element_type=\"widget\" data-e-type=\"widget\" data-widget_type=\"heading.default\">\n\t\t\t\t<div class=\"elementor-widget-container\">\n\t\t\t\t\t<h2 class=\"elementor-heading-title elementor-size-default\">Digitaliseerimise ajalooline areng<\/h2>\t\t\t\t<\/div>\n\t\t\t\t<\/div>\n\t\t\t\t<div class=\"elementor-element elementor-element-f929aea elementor-widget-divider--view-line elementor-widget elementor-widget-divider\" data-id=\"f929aea\" data-element_type=\"widget\" data-e-type=\"widget\" data-widget_type=\"divider.default\">\n\t\t\t\t<div class=\"elementor-widget-container\">\n\t\t\t\t\t\t\t<div class=\"elementor-divider\">\n\t\t\t<span class=\"elementor-divider-separator\">\n\t\t\t\t\t\t<\/span>\n\t\t<\/div>\n\t\t\t\t\t\t<\/div>\n\t\t\t\t<\/div>\n\t\t\t\t<div class=\"elementor-element elementor-element-6a28efc elementor-widget elementor-widget-spacer\" data-id=\"6a28efc\" data-element_type=\"widget\" data-e-type=\"widget\" data-widget_type=\"spacer.default\">\n\t\t\t\t<div class=\"elementor-widget-container\">\n\t\t\t\t\t\t\t<div class=\"elementor-spacer\">\n\t\t\t<div class=\"elementor-spacer-inner\"><\/div>\n\t\t<\/div>\n\t\t\t\t\t\t<\/div>\n\t\t\t\t<\/div>\n\t\t\t\t\t<\/div>\n\t\t<\/div>\n\t\t\t\t\t<\/div>\n\t\t<\/section>\n\t\t\t\t<section class=\"elementor-section elementor-top-section elementor-element elementor-element-0ca8f67 elementor-section-boxed elementor-section-height-default elementor-section-height-default\" data-id=\"0ca8f67\" data-element_type=\"section\" data-e-type=\"section\" data-settings=\"{&quot;_ha_eqh_enable&quot;:false}\">\n\t\t\t\t\t\t<div class=\"elementor-container elementor-column-gap-default\">\n\t\t\t\t\t<div class=\"elementor-column elementor-col-100 elementor-top-column elementor-element elementor-element-02268aa\" data-id=\"02268aa\" data-element_type=\"column\" data-e-type=\"column\">\n\t\t\t<div class=\"elementor-widget-wrap elementor-element-populated\">\n\t\t\t\t\t\t<div class=\"elementor-element elementor-element-87aa591 elementor-widget elementor-widget-spacer\" data-id=\"87aa591\" data-element_type=\"widget\" data-e-type=\"widget\" data-widget_type=\"spacer.default\">\n\t\t\t\t<div class=\"elementor-widget-container\">\n\t\t\t\t\t\t\t<div class=\"elementor-spacer\">\n\t\t\t<div class=\"elementor-spacer-inner\"><\/div>\n\t\t<\/div>\n\t\t\t\t\t\t<\/div>\n\t\t\t\t<\/div>\n\t\t\t\t<div class=\"elementor-element elementor-element-6c54c5d elementor-widget elementor-widget-text-editor\" data-id=\"6c54c5d\" data-element_type=\"widget\" data-e-type=\"widget\" data-widget_type=\"text-editor.default\">\n\t\t\t\t<div class=\"elementor-widget-container\">\n\t\t\t\t\t\t\t\t\t<p><\/p>\n<p>Digitaalne n\u00e4htavus meie elus ei ole tegelikult v\u00e4ga uus. Inimkond kohtus digitaliseerimisega esmakordselt elektrooniliste arvutite loomise ja kasutamisega. Esimesi digitaalseid arvuteid hakati arendama 20. sajandi esimesel poolel. Hiljem arenes see aeglustumata ja m\u00f5jutas k\u00f5iki sektoreid. Tegelikult on digitaliseerimine saanud alguse mehaanikast ehk masinatest. 1936. aastal tutvustas Alan Turing teoreetilist arvutusmudelit, mida ta nimetas &#8220;Turingi masinaks&#8221;. Sellel teoreetilisel mudelil p\u00f5hineb t\u00e4nap\u00e4eva digitaalarvutite p\u00f5hiloogika. Aja jooksul, II maailmas\u00f5ja ajal, t\u00f6\u00f6tati v\u00e4lja ja v\u00f5eti kasutusele rida elektronarvuteid. Need arvutid kasutasid digitaalsete arvutuste tegemiseks elektroonilisi ahelaid. Transistori leiutamisega muutusid elektroonilised seadmed v\u00e4iksemaks, kiiremaks ja usaldusv\u00e4\u00e4rsemaks. See m\u00e4ngis v\u00e4ga t\u00f5husat rolli digitehnoloogia arendamisel ja kiirendamisel.<\/p>\n<p>Tehnoloogia areng ja digitaalne revolutsioon<\/p>\n<p>Alates 1970. aastate keskpaigast muutusid personaalarvutid populaarseks. 1990. aastate l\u00f5pus ja 2000. aastate alguses peeti interneti avalikku k\u00e4ttesaadavust oluliseks sammuks teabe jagamisel ja kommunikatsioonis. Nutitelefonide ja tahvelarvutite laialdane kasutamine v\u00f5imaldas digitaliseerimist isikup\u00e4rastada ja kasutada k\u00f5ikjalt.<\/p>\n<p>Digitaliseerimine sai alguse elektrooniliste arvutite arendamisest ja kasutamisest inimkonna ajaloolises protsessis. Esimesi digitaalseid arvuteid hakati arendama 20. sajandi esimesel poolel ja neid t\u00e4iustati pidevalt tehnoloogia arenguga. N\u00e4iteks Alan Turingi Turingi masina teooria pani aluse t\u00e4nap\u00e4eva arvutitele.<\/p>\n<p>Digi\u00fcleminek on m\u00f5iste, mille puhul tehnoloogia areng ja digitehnoloogia m\u00f5ju \u00fchiskonnale, majandusele ja kultuurile on riigiti erinev. Digi\u00fclemineku tase riigiti on erinev, s\u00f5ltudes paljudest teguritest.<\/p>\n<p>Riikide digitaliseerimise tasemed on tihedalt seotud nende tehnoloogilise taristuga. Taristuelemendid, nagu interneti\u00fchendus, mobiilsidev\u00f5rgud, kiire andmeedastus ja infotehnoloogia, m\u00f5jutavad digitaliseerimist. Arenenud majandusega riigid teevad m\u00e4rkimisv\u00e4\u00e4rseid investeeringuid, et suurendada oma digi\u00fclemineku taset, eraldades digitaliseerimiseks rohkem vahendeid. Digi\u00fcleminek on protsess, kus \u00fchiskond peab neid muutusi aktsepteerima ja omaks v\u00f5tma. \u00dchiskonna l\u00e4henemine tehnoloogiale ja soov digitaliseerimise j\u00e4rele m\u00f5jutavad riigi digitaliseerimise taset. Samal ajal m\u00f5jutavad digitaliseerimisprotsessi riikide kultuuriv\u00e4\u00e4rtused ja normid. M\u00f5ned riigid on enam kiindunud traditsioonilistesse v\u00e4\u00e4rtustesse ja see suurendab potentsiaali m\u00f5jutada digitaliseerimise tempot.<\/p>\n<p>T\u00fcrgi digitaalne tulevik ja visioon<\/p>\n<p>T\u00fcrgi digi\u00fcleminek on viimastel aastatel teinud m\u00e4rkimisv\u00e4\u00e4rseid edusamme. T\u00fcrgi on teinud m\u00e4rkimisv\u00e4\u00e4rseid investeeringuid lairiba-interneti\u00fchendusse ja mobiilsidev\u00f5rkudesse. Need investeeringud tasuvad end aja jooksul \u00e4ra, v\u00f5imaldades rohkematel inimestel internetile juurde p\u00e4\u00e4seda. Samamoodi j\u00e4tkab Ankara t\u00f6\u00f6d 5G-tehnoloogia kasutuselev\u00f5tuga. T\u00fcrgi on astunud olulisi samme e-valitsuse rakendustes. Kodanikud p\u00e4\u00e4sevad avalikele teenustele juurde digitaalselt ja teevad internetis palju tehinguid alates maksude maksmisest kuni tervishoiuteenusteni, pakkudes oma kodanikele t\u00f5husamaid avalikke teenuseid v\u00f5rreldes paljude Euroopa riikidega. Samuti tehakse j\u00f5upingutusi digi\u00fclemineku edendamiseks hariduse valdkonnas. Arvestades, et distants\u00f5pe on eriti pandeemia ajal \u00fcha olulisemaks muutunud, on taristu ja sisu arendamiseks tehtud m\u00e4rkimisv\u00e4\u00e4rseid investeeringuid. Teisest k\u00fcljest on T\u00fcrgi koduks paljudele tehnoloogia idufirmadele. Innovatsiooni ja ettev\u00f5tluse \u00f6kos\u00fcsteem kiirendab digi\u00fcleminekut. Paralleelselt sellega teeb T\u00fcrgi m\u00e4rkimisv\u00e4\u00e4rseid l\u00e4bimurdeid paljudes valdkondades, eriti e-kaubanduse sektoris.<\/p>\n<p>Digip\u00f6\u00f6rdega sammu pidamine on praegu \u00fcks olulisemaid valdkondi, kus k\u00f5ik maailma riigid peaksid \u00fcldse olema.<\/p>\n<p>T\u00fcrgi sajanda aastap\u00e4eva jooksul on digi\u00fcleminekul riigi majandusliku, sotsiaalse ja kultuurilise arengu jaoks \u00fclioluline t\u00e4htsus. Sel perioodil kujundavad T\u00fcrgi tulevikku sammud, mida tuleb astuda paljudes valdkondades alates haridusest kuni tervishoiuni, t\u00f6\u00f6stusest tehnoloogiani.<\/p>\n<p>Hariduss\u00fcsteemi ajakohastamine digioskustega tagab, et \u00f5pilased on tuleviku \u00e4rimaailma jaoks valmis. Teadus- ja arendustegevusse tehtavad investeeringud tehnoloogiasse ja innovatsiooni v\u00f5imaldavad T\u00fcrgil etendada \u00fclemaailmses konkurentsis t\u00f5husamat rolli. K\u00fcberturvalisuse taristu tugevdamine pakub kaitset digi\u00fcleminekuga kaasnevate riskide eest ning andmete ja eraelu puutumatuse kaitset k\u00e4sitlevad \u00f5igusnormid suurendavad riigi digitaalset turvalisust.<\/p>\n<p>Digitaaltehnoloogia ja asjade interneti levitamine t\u00f6\u00f6stussektoris suurendab tootmisv\u00f5imsust ja t\u00f5husust. Digiteenuste kasutamine tervishoiusektoris laiendab tervishoiuteenuste k\u00e4ttesaadavust ja parandab selle kvaliteeti. Kodanikele digikirjaoskuse pakkumine v\u00f5imaldab \u00fchiskonnal digi\u00fcleminekuga kiiremini kohaneda.<\/p>\n<p>Rahvusvahelise Digitaalse Ettev\u00f5tluse Assotsiatsiooni (UDGD) roll<\/p>\n<p>Rahvusvahelise Digitaalse Ettev\u00f5tluse Assotsiatsiooni (IDA) panus digip\u00f6\u00f6rdesse T\u00fcrgi 100. aastal mitte ainult ei paranda riigi positsiooni \u00fclemaailmses konkurentsis, vaid viib seda edasi ka sotsiaalses ja kultuurilises m\u00f5ttes. See mitmetahuline m\u00f5ju v\u00f5ib asetada digi\u00fclemineku T\u00fcrgi sajandasse aastasse mitte ainult tehnoloogilise uuendusena, vaid ka sotsiaalse \u00fcmberkujundamise vahendina. Digitaalne \u00fcmberkujundamine ei ole ainult tehnoloogiline n\u00e4htus, see on ka kultuuriline \u00fcmberkujundamine. UDGD t\u00f6\u00f6 selles valdkonnas aitab kaasa T\u00fcrgi kultuurilisele \u00fcmberkujundamisele, h\u00f5lbustades digitehnoloogia integreerimist igap\u00e4evaellu, haridusse ja \u00e4rimaailma.<\/p>\n<p>Kokkuv\u00f5tteks v\u00f5ib \u00f6elda, et digi\u00fcleminek T\u00fcrgi 100. aastap\u00e4eval ei t\u00e4henda mitte ainult tehnoloogilist arengut, vaid ka majanduslikku ja sotsiaalset l\u00e4bimurret. Selles protsessis v\u00f5etavad strateegilised sammud viivad T\u00fcrgi konkurentsiv\u00f5imelisema, uuenduslikuma ja j\u00e4tkusuutlikuma tulevikuni.<\/p>\n<p><\/p>\t\t\t\t\t\t\t\t<\/div>\n\t\t\t\t<\/div>\n\t\t\t\t<div class=\"elementor-element elementor-element-96e78ef elementor-widget elementor-widget-spacer\" data-id=\"96e78ef\" data-element_type=\"widget\" data-e-type=\"widget\" data-widget_type=\"spacer.default\">\n\t\t\t\t<div class=\"elementor-widget-container\">\n\t\t\t\t\t\t\t<div class=\"elementor-spacer\">\n\t\t\t<div class=\"elementor-spacer-inner\"><\/div>\n\t\t<\/div>\n\t\t\t\t\t\t<\/div>\n\t\t\t\t<\/div>\n\t\t\t\t\t<\/div>\n\t\t<\/div>\n\t\t\t\t\t<\/div>\n\t\t<\/section>\n\t\t\t\t<section class=\"elementor-section elementor-top-section elementor-element elementor-element-d5c8a2d elementor-section-boxed elementor-section-height-default elementor-section-height-default\" data-id=\"d5c8a2d\" data-element_type=\"section\" data-e-type=\"section\" data-settings=\"{&quot;_ha_eqh_enable&quot;:false}\">\n\t\t\t\t\t\t<div class=\"elementor-container elementor-column-gap-default\">\n\t\t\t\t\t<div class=\"elementor-column elementor-col-33 elementor-top-column elementor-element elementor-element-698f400\" data-id=\"698f400\" data-element_type=\"column\" data-e-type=\"column\">\n\t\t\t<div class=\"elementor-widget-wrap elementor-element-populated\">\n\t\t\t\t\t\t<div class=\"elementor-element elementor-element-1c19454 elementor-widget elementor-widget-spacer\" data-id=\"1c19454\" data-element_type=\"widget\" data-e-type=\"widget\" data-widget_type=\"spacer.default\">\n\t\t\t\t<div class=\"elementor-widget-container\">\n\t\t\t\t\t\t\t<div class=\"elementor-spacer\">\n\t\t\t<div class=\"elementor-spacer-inner\"><\/div>\n\t\t<\/div>\n\t\t\t\t\t\t<\/div>\n\t\t\t\t<\/div>\n\t\t\t\t<div class=\"elementor-element elementor-element-92b447c elementor-widget elementor-widget-image\" data-id=\"92b447c\" data-element_type=\"widget\" data-e-type=\"widget\" data-widget_type=\"image.default\">\n\t\t\t\t<div class=\"elementor-widget-container\">\n\t\t\t\t\t\t\t\t\t\t\t\t\t\t\t<img decoding=\"async\" width=\"300\" height=\"63\" src=\"https:\/\/digital-social-entrepreneurs.eu\/wp-content\/uploads\/2022\/12\/EN_Co-funded_by_the_EU-300x63.png\" class=\"attachment-medium size-medium wp-image-385\" alt=\"\" srcset=\"https:\/\/digital-social-entrepreneurs.eu\/wp-content\/uploads\/2022\/12\/EN_Co-funded_by_the_EU-300x63.png 300w, https:\/\/digital-social-entrepreneurs.eu\/wp-content\/uploads\/2022\/12\/EN_Co-funded_by_the_EU-768x161.png 768w, https:\/\/digital-social-entrepreneurs.eu\/wp-content\/uploads\/2022\/12\/EN_Co-funded_by_the_EU-720x151.png 720w, https:\/\/digital-social-entrepreneurs.eu\/wp-content\/uploads\/2022\/12\/EN_Co-funded_by_the_EU.png 1024w\" sizes=\"(max-width: 300px) 100vw, 300px\" \/>\t\t\t\t\t\t\t\t\t\t\t\t\t\t\t<\/div>\n\t\t\t\t<\/div>\n\t\t\t\t<div class=\"elementor-element elementor-element-dd52eac elementor-widget elementor-widget-text-editor\" data-id=\"dd52eac\" data-element_type=\"widget\" data-e-type=\"widget\" data-widget_type=\"text-editor.default\">\n\t\t\t\t<div class=\"elementor-widget-container\">\n\t\t\t\t\t\t\t\t\t<p>Rahastab Euroopa Liit. V\u00e4ljendatud seisukohad ja arvamused on siiski ainult autori(te) omad ega pruugi kajastada Euroopa Liidu v\u00f5i Euroopa Hariduse ja Kultuuri T\u00e4itevasutuse (EACEA) seisukohti ja arvamusi. Euroopa Liit ega EACEA ei saa nende eest vastutada. 2021-1-TR01-KA210-YOU-000027475<\/p>\t\t\t\t\t\t\t\t<\/div>\n\t\t\t\t<\/div>\n\t\t\t\t\t<\/div>\n\t\t<\/div>\n\t\t\t\t<div class=\"elementor-column elementor-col-33 elementor-top-column elementor-element elementor-element-157461c\" data-id=\"157461c\" data-element_type=\"column\" data-e-type=\"column\">\n\t\t\t<div class=\"elementor-widget-wrap\">\n\t\t\t\t\t\t\t<\/div>\n\t\t<\/div>\n\t\t\t\t<div class=\"elementor-column elementor-col-33 elementor-top-column elementor-element elementor-element-82964de\" data-id=\"82964de\" data-element_type=\"column\" data-e-type=\"column\">\n\t\t\t<div class=\"elementor-widget-wrap elementor-element-populated\">\n\t\t\t\t\t\t<div class=\"elementor-element elementor-element-631a9be elementor-widget elementor-widget-spacer\" data-id=\"631a9be\" data-element_type=\"widget\" data-e-type=\"widget\" data-widget_type=\"spacer.default\">\n\t\t\t\t<div class=\"elementor-widget-container\">\n\t\t\t\t\t\t\t<div class=\"elementor-spacer\">\n\t\t\t<div class=\"elementor-spacer-inner\"><\/div>\n\t\t<\/div>\n\t\t\t\t\t\t<\/div>\n\t\t\t\t<\/div>\n\t\t\t\t<div class=\"elementor-element elementor-element-8a665ad elementor-widget elementor-widget-image\" data-id=\"8a665ad\" data-element_type=\"widget\" data-e-type=\"widget\" data-widget_type=\"image.default\">\n\t\t\t\t<div class=\"elementor-widget-container\">\n\t\t\t\t\t\t\t\t\t\t\t\t\t\t\t<img decoding=\"async\" width=\"94\" height=\"107\" src=\"https:\/\/digital-social-entrepreneurs.eu\/wp-content\/uploads\/2022\/10\/cropped-2.png\" class=\"attachment-thumbnail size-thumbnail wp-image-50\" alt=\"\" \/>\t\t\t\t\t\t\t\t\t\t\t\t\t\t\t<\/div>\n\t\t\t\t<\/div>\n\t\t\t\t<div class=\"elementor-element elementor-element-c4f4965 elementor-widget elementor-widget-text-editor\" data-id=\"c4f4965\" data-element_type=\"widget\" data-e-type=\"widget\" data-widget_type=\"text-editor.default\">\n\t\t\t\t<div class=\"elementor-widget-container\">\n\t\t\t\t\t\t\t\t\t<a style=\"color: black;\" href=\"https:\/\/digital-social-entrepreneurs.eu\/index.php\/terms-of-use\/\" target=\"_blank\" rel=\"noopener\">Terms of Use<\/a>\t\t\t\t\t\t\t\t<\/div>\n\t\t\t\t<\/div>\n\t\t\t\t<div class=\"elementor-element elementor-element-bd4d5be elementor-shape-circle e-grid-align-right elementor-grid-0 elementor-widget elementor-widget-social-icons\" data-id=\"bd4d5be\" data-element_type=\"widget\" data-e-type=\"widget\" data-widget_type=\"social-icons.default\">\n\t\t\t\t<div class=\"elementor-widget-container\">\n\t\t\t\t\t\t\t<div class=\"elementor-social-icons-wrapper elementor-grid\" role=\"list\">\n\t\t\t\t\t\t\t<span class=\"elementor-grid-item\" role=\"listitem\">\n\t\t\t\t\t<a class=\"elementor-icon elementor-social-icon elementor-social-icon-instagram elementor-repeater-item-1e07695\" href=\"https:\/\/www.instagram.com\/disyou.eu\/\" target=\"_blank\">\n\t\t\t\t\t\t<span class=\"elementor-screen-only\">Instagram<\/span>\n\t\t\t\t\t\t<i aria-hidden=\"true\" class=\"fab fa-instagram\"><\/i>\t\t\t\t\t<\/a>\n\t\t\t\t<\/span>\n\t\t\t\t\t\t\t<span class=\"elementor-grid-item\" role=\"listitem\">\n\t\t\t\t\t<a class=\"elementor-icon elementor-social-icon elementor-social-icon-twitter elementor-repeater-item-c5a4a61\" href=\"https:\/\/twitter.com\/DisyouEU\" target=\"_blank\">\n\t\t\t\t\t\t<span class=\"elementor-screen-only\">Twitter<\/span>\n\t\t\t\t\t\t<i aria-hidden=\"true\" class=\"fab fa-twitter\"><\/i>\t\t\t\t\t<\/a>\n\t\t\t\t<\/span>\n\t\t\t\t\t<\/div>\n\t\t\t\t\t\t<\/div>\n\t\t\t\t<\/div>\n\t\t\t\t\t<\/div>\n\t\t<\/div>\n\t\t\t\t\t<\/div>\n\t\t<\/section>\n\t\t\t\t<section class=\"elementor-section elementor-top-section elementor-element elementor-element-20c5245 elementor-section-boxed elementor-section-height-default elementor-section-height-default\" data-id=\"20c5245\" data-element_type=\"section\" data-e-type=\"section\" data-settings=\"{&quot;_ha_eqh_enable&quot;:false}\">\n\t\t\t\t\t\t<div class=\"elementor-container elementor-column-gap-default\">\n\t\t\t\t\t<div class=\"elementor-column elementor-col-100 elementor-top-column elementor-element elementor-element-4e4822d\" data-id=\"4e4822d\" data-element_type=\"column\" data-e-type=\"column\">\n\t\t\t<div class=\"elementor-widget-wrap elementor-element-populated\">\n\t\t\t\t\t\t<div class=\"elementor-element elementor-element-055c6ed elementor-widget-divider--view-line elementor-widget elementor-widget-divider\" data-id=\"055c6ed\" data-element_type=\"widget\" data-e-type=\"widget\" data-widget_type=\"divider.default\">\n\t\t\t\t<div class=\"elementor-widget-container\">\n\t\t\t\t\t\t\t<div class=\"elementor-divider\">\n\t\t\t<span class=\"elementor-divider-separator\">\n\t\t\t\t\t\t<\/span>\n\t\t<\/div>\n\t\t\t\t\t\t<\/div>\n\t\t\t\t<\/div>\n\t\t\t\t\t<\/div>\n\t\t<\/div>\n\t\t\t\t\t<\/div>\n\t\t<\/section>\n\t\t\t\t<section class=\"elementor-section elementor-top-section elementor-element elementor-element-39a6edd elementor-section-boxed elementor-section-height-default elementor-section-height-default\" data-id=\"39a6edd\" data-element_type=\"section\" data-e-type=\"section\" data-settings=\"{&quot;_ha_eqh_enable&quot;:false}\">\n\t\t\t\t\t\t<div class=\"elementor-container elementor-column-gap-default\">\n\t\t\t\t\t<div class=\"elementor-column elementor-col-33 elementor-top-column elementor-element elementor-element-4bfeb74\" data-id=\"4bfeb74\" data-element_type=\"column\" data-e-type=\"column\">\n\t\t\t<div class=\"elementor-widget-wrap elementor-element-populated\">\n\t\t\t\t\t\t<div class=\"elementor-element elementor-element-4fa11a7 elementor-widget elementor-widget-heading\" data-id=\"4fa11a7\" data-element_type=\"widget\" data-e-type=\"widget\" data-widget_type=\"heading.default\">\n\t\t\t\t<div class=\"elementor-widget-container\">\n\t\t\t\t\t<h2 class=\"elementor-heading-title elementor-size-default\">Copyright \u00a9 2022 Digital Social Entrepreneurs. All Rights Reserved<\/h2>\t\t\t\t<\/div>\n\t\t\t\t<\/div>\n\t\t\t\t\t<\/div>\n\t\t<\/div>\n\t\t\t\t<div class=\"elementor-column elementor-col-33 elementor-top-column elementor-element elementor-element-1aebc63\" data-id=\"1aebc63\" data-element_type=\"column\" data-e-type=\"column\">\n\t\t\t<div class=\"elementor-widget-wrap\">\n\t\t\t\t\t\t\t<\/div>\n\t\t<\/div>\n\t\t\t\t<div class=\"elementor-column elementor-col-33 elementor-top-column elementor-element elementor-element-9f60a79\" data-id=\"9f60a79\" data-element_type=\"column\" data-e-type=\"column\">\n\t\t\t<div class=\"elementor-widget-wrap elementor-element-populated\">\n\t\t\t\t\t\t<div class=\"elementor-element elementor-element-13555d2 elementor-widget elementor-widget-text-editor\" data-id=\"13555d2\" data-element_type=\"widget\" data-e-type=\"widget\" data-widget_type=\"text-editor.default\">\n\t\t\t\t<div class=\"elementor-widget-container\">\n\t\t\t\t\t\t\t\t\t<span style=\"color: #797979; text-align: left;\">Powered by\u00a0<\/span><a style=\"color: #797979; text-align: right;\" href=\"https:\/\/innovationhive.eu\/\" target=\"_blank\" rel=\"noopener\">Innovation Hive<\/a>\t\t\t\t\t\t\t\t<\/div>\n\t\t\t\t<\/div>\n\t\t\t\t\t<\/div>\n\t\t<\/div>\n\t\t\t\t\t<\/div>\n\t\t<\/section>\n\t\t\t\t<\/div>\n\t\t","protected":false},"excerpt":{"rendered":"<p>Digitaliseerimise ajalooline areng Digitaalne n\u00e4htavus meie elus ei ole tegelikult v\u00e4ga uus. Inimkond kohtus digitaliseerimisega esmakordselt elektrooniliste arvutite loomise ja [&hellip;]<\/p>\n","protected":false},"author":1,"featured_media":0,"parent":0,"menu_order":0,"comment_status":"closed","ping_status":"closed","template":"page-templates\/template_page-builder.php","meta":{"_monsterinsights_skip_tracking":false,"_monsterinsights_sitenote_active":false,"_monsterinsights_sitenote_note":"","_monsterinsights_sitenote_category":0,"footnotes":""},"class_list":["post-953","page","type-page","status-publish","hentry"],"aioseo_notices":[],"_links":{"self":[{"href":"https:\/\/digital-social-entrepreneurs.eu\/index.php\/wp-json\/wp\/v2\/pages\/953","targetHints":{"allow":["GET"]}}],"collection":[{"href":"https:\/\/digital-social-entrepreneurs.eu\/index.php\/wp-json\/wp\/v2\/pages"}],"about":[{"href":"https:\/\/digital-social-entrepreneurs.eu\/index.php\/wp-json\/wp\/v2\/types\/page"}],"author":[{"embeddable":true,"href":"https:\/\/digital-social-entrepreneurs.eu\/index.php\/wp-json\/wp\/v2\/users\/1"}],"replies":[{"embeddable":true,"href":"https:\/\/digital-social-entrepreneurs.eu\/index.php\/wp-json\/wp\/v2\/comments?post=953"}],"version-history":[{"count":4,"href":"https:\/\/digital-social-entrepreneurs.eu\/index.php\/wp-json\/wp\/v2\/pages\/953\/revisions"}],"predecessor-version":[{"id":958,"href":"https:\/\/digital-social-entrepreneurs.eu\/index.php\/wp-json\/wp\/v2\/pages\/953\/revisions\/958"}],"wp:attachment":[{"href":"https:\/\/digital-social-entrepreneurs.eu\/index.php\/wp-json\/wp\/v2\/media?parent=953"}],"curies":[{"name":"wp","href":"https:\/\/api.w.org\/{rel}","templated":true}]}}